digit of q(8)?
6
Suppose 3*d - 2*i = 196, -20 = 4*d - i - 288. Suppose 60*v = d*v - 1256. What is the units digit of v?
7
Let i = -38694 + 70605. What is the ten thousands digit of i?
3
Suppose -1506 = -14*v + 1518. What is the units digit of (-34 - -2)/((-48)/v)?
4
Let t be (3 - -1)/(8 - 6769/847). Let z = -159 + t. What is the tens digit of z?
2
Let o(a) = -a**2 - 12*a + 31. Let z be o(-14). Let q be (-2)/(-1 - 1) + z. Suppose 0 = q*d - 17*d + 143. What is the units digit of d?
1
Suppose 16*u - 84170 = -14842. What is the hundreds digit of u?
3
Suppose 5*s - 329 + 294 = 0, -5*s = -p + 16486. What is the tens digit of p?
2
Suppose -f = -3*g + 185, -2*f + 2 = -6. Let l(s) = -s + 2. Let u be l(-4). Suppose g - 3 = u*c. What is the units digit of c?
0
Suppose 5*a + 22397 = 3*l, -4*l - 6*a + 29880 = -4*a. What is the hundreds digit of l?
4
Let w(o) = 11*o**2 - 5*o + 4. Let u(s) = -17*s - 1. Let r be u(-3). Suppose -r*y + 6 = -47*y. What is the units digit of w(y)?
8
Suppose -i = -2*r + 479, -2*r - 2*r = 4*i - 928. Let m = -1715 + 1631. Let d = m + r. What is the hundreds digit of d?
1
Let s = 38583 - 20231. What is the units digit of s?
2
Let v(b) = -b**3 + 20*b**2 + 6*b + 61. Let x be v(19). What is the tens digit of x - (4/14 + 128/(-56))?
3
Let a = -37069 - -53125. What is the ten thousands digit of a?
1
Let n be 784*(-1 + 1/(-1)). Let s be 3*(n/6)/(-7). What is the hundreds digit of s - ((3 - 7) + 3)?
1
Let j(w) = w**3 - 23*w**2 + 146*w - 181. What is the thousands digit of j(32)?
3
What is the units digit of (-387446)/(-42) - (6103/(-357) - -17)?
5
Suppose -11*t = 198 - 3498. Let n = -206 + t. What is the units digit of n?
4
Let w(u) be the second derivative of 0 - u**3 + 1/12*u**4 - 13*u - 5/2*u**2. What is the tens digit of w(12)?
6
Suppose 0 = -0*b - b - 3*s + 188, -5*b - 4*s + 940 = 0. Let z = b + 956. What is the thousands digit of z?
1
Suppose 2 = 4*o + 22. Let q = -3 - o. Suppose 0 = -q*l + 145 - 19. What is the tens digit of l?
6
Let m = 23433 + -12041. What is the units digit of m?
2
Suppose 5*y + 140 + 40 = 0. Let k = 0 - y. Suppose -23*m = -29*m + k. What is the units digit of m?
6
Let u(l) = 18*l + 7. Let m(k) be the first derivative of 55*k**2/2 + 20*k + 5. Let t(g) = -2*m(g) + 7*u(g). What is the hundreds digit of t(8)?
1
Let l = 0 - -4. Suppose 2*x - b - 31 = l*b, 4*x = 2*b + 70. What is the units digit of ((-21)/2)/(x/(-252))?
7
Let p = -36924 + 57367. What is the ten thousands digit of p?
2
Let j(t) be the third derivative of -23*t**7/1680 - 7*t**6/180 - 2*t**5/5 + 21*t**2. Let r(u) be the third derivative of j(u). What is the units digit of r(-3)?
9
Let g = -15018 + 23273. What is the hundreds digit of g?
2
Let b = -42 - -54. Suppose -4*x = -q + b, -x - x = 2. What is the units digit of (0 - (-4)/q)*166?
3
Let i = -61 - -58. Let o be (6/4 + 0)*(-10)/i. Suppose 5*y = 4*z + y - 760, o*z - 974 = -y. What is the tens digit of z?
9
Let q(g) = -g**2 - 12*g - 7. Suppose -7*d - 100 = -23. Let y be q(d). Suppose -650 - 42 = -y*x. What is the tens digit of x?
7
Let k(g) = 3*g**3 - 24*g**2 + 3*g - 35. Let b(q) = 14*q**3 - 95*q**2 + 12*q - 140. Let w(d) = 2*b(d) - 9*k(d). What is the tens digit of w(-26)?
1
Let n(a) = -94*a - 54. Let i be n(-13). What is the hundreds digit of (12/32)/(2/i)?
2
Let s = 833 + -688. What is the units digit of s?
5
What is the hundreds digit of 6 + 10416 - (15/1)/3?
4
Let m = 9952 + -6889. What is the units digit of m?
3
Let p(t) = -3*t - 15. Let i be p(-5). Suppose 2*b = 3*q + 69, 4*b + i*b = -5*q - 115. Let o(s) = -2*s**2 - 47*s + 5. What is the units digit of o(q)?
8
Let h(o) = 3*o**2 + 36*o - 505. What is the hundreds digit of h(-51)?
4
Let m be ((-4 - 298) + -8)*-2. Suppose 2*b - 425 = 3*l - 0*l, -m = -3*b + l. What is the tens digit of b?
0
Suppose 17*k + 3*k = -4*k. Suppose -13*f + 20*f - 2961 = k. What is the tens digit of f?
2
Suppose -93*g + 53*g + 78862 + 108058 = 0. What is the hundreds digit of g?
6
Let s = 3392 - 1695. Suppose -103 - s = -6*b. What is the hundreds digit of b?
3
Let p = -68 + 78. Let d = 5 + p. Suppose -d*c - 139 = -16*c. What is the hundreds digit of c?
1
Suppose -i + 245 - 53 = 0. Let d = 223 + -345. Let q = d + i. What is the tens digit of q?
7
Suppose 0 = 2*c - 3*z - 16442, c - 2*z - 2162 = 6062. What is the units digit of c?
2
Let f(j) = -4*j**3 - 12*j**2 + 46*j + 18. What is the units digit of f(-17)?
0
Let r(b) = -13*b + 16. Suppose 0*n = f + 4*n + 29, -2*n = -2*f - 8. What is the hundreds digit of r(f)?
1
Let m(k) be the third derivative of 5*k**4/24 + 7*k**3/3 - 12*k**2. Let c(n) = 5*n + 13. Let j(r) = -4*c(r) + 5*m(r). What is the tens digit of j(14)?
8
Let v = -58 - -118. Suppose 0*z - 5*m = 3*z + 360, -3*m + 480 = -4*z. Let d = v - z. What is the tens digit of d?
8
Suppose 0 = 5*h + 2*j - 121, 3*h - 6*h = 4*j - 67. Let t(c) = 4*c**2 - 60*c + 121. What is the units digit of t(h)?
1
Let a(q) = 817*q - 942. What is the thousands digit of a(31)?
4
Let y = -85 + 154. Let r = -63 + y. Suppose 782 + 274 = r*w. What is the tens digit of w?
7
Let o(g) = -37*g + 6. Let c be o(-14). Suppose c + 948 = 16*a. What is the units digit of a?
2
Let s(w) = -49*w - 904. What is the hundreds digit of s(-86)?
3
Let v(s) = -2136*s + 39897. What is the thousands digit of v(0)?
9
Let d = 34 + -1. Suppose -4*o + d = 5*a, a - 5*a + 22 = o. Suppose -4*y + 226 - 18 = -4*w, 0 = -3*y + a*w + 154. What is the units digit of y?
3
Suppose -158*c + 403351 = -2107743. What is the thousands digit of c?
5
Suppose -3*t = -8138 - 5566. What is the thousands digit of t?
4
Suppose 5*i = 3*a + 67604, -8*a + 4*a - 13531 = -i. What is the ten thousands digit of i?
1
What is the ten thousands digit of (-29159 - -1)*(-1875)/(-500)*2/(-5)?
4
What is the tens digit of (11 - -45)/14 + 4619?
2
Let h(s) be the first derivative of 641*s**4/4 - 2*s**3/3 + s**2 + s - 204. What is the hundreds digit of h(1)?
6
Let b(s) = 1569*s**3 + 4*s**2 - 3*s - 2. What is the units digit of b(2)?
0
Let t = -52 + 57. Suppose 111 = -t*z + 1011. Suppose 3*r - 2*g = 135, -6*r + z = -2*r + 4*g. What is the tens digit of r?
4
Let t be 4/3*(-42675)/(-100). Let u = t - 328. What is the hundreds digit of u?
2
Let m(r) = 5*r + 163. Let h be 120/(2 - 7) - -6. What is the tens digit of m(h)?
7
Let t = 109637 - 61119. What is the units digit of t?
8
Suppose 0 = -2*t - 2 + 16. What is the tens digit of 26/t - 4 - 12264/(-49)?
5
Let u(c) = -c**3 - c - 3. Let a be u(-2). Suppose -3 = m + a. What is the units digit of 85/m*(0 + -2)?
7
Let o(s) = 14*s + 41. Suppose 2*x - 6*x + 4*m + 8 = 0, 0 = 4*x + m - 8. Let g(t) = 15*t + 42. Let b(r) = x*g(r) - 3*o(r). What is the tens digit of b(-15)?
4
Let x = 38 - 38. Let w be (1 + x)/((-15)/(-120)). Let t(q) = 22*q - 3. What is the units digit of t(w)?
3
Let c be (-21)/(-3) + 127 + -1. What is the hundreds digit of 33440/c + (-6)/14?
2
Let y = 18 - 101. Let u = -96 - y. What is the tens digit of (-198)/(-4) + -6 + u/(-2)?
5
Suppose -66*p + 34734 = -1130232. What is the thousands digit of p?
7
Let g(l) = 880*l + 6497. What is the tens digit of g(92)?
5
Let k(f) = 5*f + 11*f**2 - 8 + 8 - 17 + 14*f**2. What is the tens digit of k(3)?
2
Let w(m) = 2251*m**3 - 3*m**2 - 87*m + 263. What is the thousands digit of w(3)?
0
Let g be -2 + 618*1 + -1. Let i = g + -280. Let m = i - 237. What is the units digit of m?
8
Suppose c = 5*m - 23988, -2*c - 9579 = -2*m - 7*c. What is the units digit of m?
7
What is the hundreds digit of ((-10 - -13) + 1342)/(1/16)?
5
Let q(k) = -k**2 - 3*k + 6. Let v be q(0). Suppose v*t - 2637 = -897. What is the tens digit of t?
9
Let u = 141 - 136. Suppose l + 2*m = 658, 2*l + 5*m + 1996 = u*l. Suppose 4*y + l = 2*f + 158, 744 = 3*f - 3*y. What is the tens digit of f?
4
Let v(o) be the first derivative of o**4/2 - 23*o**3/3 + 55*o**2/2 + 15*o + 47. What is the units digit of v(13)?
7
Suppose -5*j - 531 = -10*j - 3*w, 0 = 5*j - 5*w - 555. Let h = -99 + j. Suppose -463 - 77 = -h*k. What is the units digit of k?
0
Suppose 2*l = 6*l - j + 2755, 2058 = -3*l - 2*j. What is the hundreds digit of 3/(-1) + -2 - (-9 + l)?
6
Let w(v) be the second derivative of -v**3/6 + 27*v**2/2 + 17*v. Let q be w(20). Suppose -j + q + 14 = 0. What is the tens digit of j?
2
Let u(w) = -26*w**2 + 33*w + 203. Let z(n) 